{"id":397,"date":"2018-06-19T15:14:51","date_gmt":"2018-06-19T13:14:51","guid":{"rendered":"https:\/\/ffp.no\/ung\/?page_id=397"},"modified":"2024-02-27T10:19:16","modified_gmt":"2024-02-27T09:19:16","slug":"chat-med-ffp-ung","status":"publish","type":"page","link":"https:\/\/ffp.no\/ung\/chat-med-ffp-ung\/","title":{"rendered":"Chat med FFP Ung!"},"content":{"rendered":"<p>N\u00e5 er FFP Ung tilgjengelig p\u00e5 chat!<br \/>\nSe etter chat-ikonet nederst til h\u00f8yre p\u00e5 siden her!<br \/>\nHvis du har noe du lurer p\u00e5 s\u00e5 kan du skrive til oss der. Ingen sp\u00f8rsm\u00e5l er dumme!<br \/>\nChatten v\u00e5r er anonym.<\/p>\n<p>P\u00e5 chatten sitter Bente, Marte, Julia,\u00a0 Nina, Anne Berit, Hanne eller Anne Gro som vet mye om fengsler, og om barn som har et familiemedlem i fengsel.<\/p>\n<p><strong>\u00c5pningstiden p\u00e5 chatten er: <\/strong><\/p>\n<p><b> <strong>Mandag 12:00 &#8211; 15:30<br \/>\n<\/strong><strong>Tirsdag 09:00 &#8211; 15:30<br \/>\nOnsdag 09:00 &#8211; 15:30<br \/>\nTorsdag 09:00 &#8211; 15.30<br \/>\nFredag 09:00 &#8211; 15:30<\/strong><\/b><\/p>\n<p>Hvis vi ikke er tilgjengelige p\u00e5 chat, kan du legge igjen din mailadresse sammen med meldingen din, s\u00e5 svarer vi deg p\u00e5 mail.<\/p>\n<p>Vi gleder oss til \u00e5 chatte med deg \ud83d\ude42<\/p>\n","protected":false},"excerpt":{"rendered":"<p>Se etter chat-boksen nederst til h\u00f8yre p\u00e5 siden her!<\/p>\n","protected":false},"author":3,"featured_media":878,"parent":0,"menu_order":0,"comment_status":"closed","ping_status":"closed","template":"","meta":{"footnotes":""},"class_list":["post-397","page","type-page","status-publish","has-post-thumbnail","hentry"],"_links":{"self":[{"href":"https:\/\/ffp.no\/ung\/wp-json\/wp\/v2\/pages\/397","targetHints":{"allow":["GET"]}}],"collection":[{"href":"https:\/\/ffp.no\/ung\/wp-json\/wp\/v2\/pages"}],"about":[{"href":"https:\/\/ffp.no\/ung\/wp-json\/wp\/v2\/types\/page"}],"author":[{"embeddable":true,"href":"https:\/\/ffp.no\/ung\/wp-json\/wp\/v2\/users\/3"}],"replies":[{"embeddable":true,"href":"https:\/\/ffp.no\/ung\/wp-json\/wp\/v2\/comments?post=397"}],"version-history":[{"count":12,"href":"https:\/\/ffp.no\/ung\/wp-json\/wp\/v2\/pages\/397\/revisions"}],"predecessor-version":[{"id":879,"href":"https:\/\/ffp.no\/ung\/wp-json\/wp\/v2\/pages\/397\/revisions\/879"}],"wp:featuredmedia":[{"embeddable":true,"href":"https:\/\/ffp.no\/ung\/wp-json\/wp\/v2\/media\/878"}],"wp:attachment":[{"href":"https:\/\/ffp.no\/ung\/wp-json\/wp\/v2\/media?parent=397"}],"curies":[{"name":"wp","href":"https:\/\/api.w.org\/{rel}","templated":true}]}}